101110?
1100010101110000
In base 5, what is -333321 - 432?
-334303
In base 12, what is 5307 - 106?
5201
In base 2, what is 101100000111 - 11100011001?
1111101110
In base 11, what is -29 - -7513?
7495
In base 3, what is -1000222211010 - 22?
-1000222211102
In base 7, what is 21 + 3365?
3416
In base 7, what is 146043 + -5?
146035
In base 4, what is 21211313 + 2?
21211321
In base 7, what is -3 - 1342461?
-1342464
In base 15, what is 2d8 + e6?
3ce
In base 4, what is 1112 + 311?
2023
In base 8, what is -251467 + 44?
-251423
In base 3, what is 10 - -1102112220111?
1102112220121
In base 7, what is -2466 - -1415?
-1051
In base 14, what is -4dc8 - -1?
-4dc7
In base 10, what is -74615 - -14?
-74601
In base 9, what is 2882244 + 1?
2882245
In base 7, what is 156 - 1222?
-1033
In base 14, what is -4b + cbc?
c71
In base 11, what is -16 + 955?
93a
In base 12, what is -519 - -106?
-413
In base 9, what is 1185 - -216?
1412
In base 11, what is 10694 - 7?
10688
In base 16, what is -37529 + 0?
-37529
In base 14, what is 3b + 3b4a?
3b87
In base 16, what is -29 + -e47?
-e70
In base 5, what is -333 + 313423?
313040
In base 10, what is -113323 + 10?
-113313
In base 10, what is 6 + -80901?
-80895
In base 14, what is -5 + -2d368?
-2d36d
In base 3, what is -2212120 - -21000?
-2121120
In base 15, what is -160a + -4c?
-1657
In base 15, what is -22 - -4d?
2b
In base 15, what is -47b - -1b?
-460
In base 12, what is 897 - -376?
1051
In base 6, what is -342 - -34104?
33322
In base 7, what is -441653 - 5?
-441661
In base 11, what is -37 - 165?
-1a1
In base 12, what is -3 - -19b6?
19b3
In base 4, what is 2 + -223103?
-223101
In base 8, what is 3 - -3503325?
3503330
In base 10, what is 0 + 74479?
74479
In base 3, what is -1211120102110 - 2?
-1211120102112
In base 2, what is -100011101100010 + -11?
-100011101100101
In base 12, what is -23a - 1b?
-259
In base 3, what is -1021 - -122112?
121021
In base 2, what is 1000100011100101111100 - 10?
1000100011100101111010
In base 12, what is 55a9 + -4?
55a5
In base 16, what is 619 - -4?
61d
In base 7, what is 1 + -3421306?
-3421305
In base 5, what is 31433101 - 31?
31433020
In base 13, what is -5 + 19992?
1998a
In base 7, what is -304240 + 4?
-304233
In base 8, what is -135531 - 3?
-135534
In base 4, what is -213212 + -11?
-213223
In base 16, what is 8156 + -2?
8154
In base 14, what is 2605 - -1d?
2624
In base 5, what is 112241341 + 1?
112241342
In base 2, what is -1011 - -10001001111?
10001000100
In base 12, what is -2b873 - -3?
-2b870
In base 15, what is -20b9 - 2db?
-23a5
In base 4, what is 2223 - -1121?
10010
In base 13, what is -6 - -13466a?
134664
In base 15, what is 4 - -428a?
428e
In base 11, what is -195a + -6?
-1965
In base 10, what is -5952 + 22?
-5930
In base 13, what is 49 + -3451?
-3405
In base 11, what is 1421 - 1653?
-232
In base 5, what is -110014 - -121?
-104343
In base 15, what is -350 - 184?
-4d4
In base 5, what is -1332 - 242232?
-244114
In base 13, what is 76 - -3216?
328c
In base 13, what is 5 - -25b8?
25c0
In base 5, what is -12001422 + -202?
-12002124
In base 11, what is 30a13 - -3?
30a16
In base 6, what is 340 - -32211?
32551
In base 6, what is -505 - -1035?
130
In base 4, what is 3021110 + 203?
3021313
In base 8, what is -71 + -173?
-264
In base 13, what is -12623 + 26?
-125ca
In base 9, what is -5 - 1275014?
-1275020
In base 8, what is -12 + 1125714?
1125702
In base 9, what is 332137 + -5?
332132
In base 12, what is 10089 - -7?
10094
In base 11, what is -584 - 473?
-a47
In base 3, what is 1001210 - -11210?
1020120
In base 14, what is -3b7b + -a7?
-3c44
In base 8, what is 5 - -6505?
6512
In base 5, what is 1 - -1423034?
1423040
In base 16, what is -9 + 2e48?
2e3f
In base 9, what is -716 - -5550?
4733
In base 10, what is -16896 - 6?
-16902
In base 9, what is -642862 + -5?
-642867
In base 4, what is -203 - 313333?
-320202
In base 8, what is 4 + -4040532?
-4040526
In base 6, what is 253553 + -4?
253545
In base 12, what is -8434 + -b?
-8443
In base 13, what is 14633b - -4?
146342
In base 6, what is 3 + -1132215?
-1132212
In base 2, what is -101101101110011110 + 100?
-101101101110011010
In base 14, what is -5 + 11b511?
11b50a
In base 15, what is 1d35 - -7?
1d3c
In base 13, what is 46815 + 3?
46818
In base 8, what is 1005 + -132?
653
In base 13, what is -6c + 56?
-16
In base 12, what is -2b5 - 581?
-876
In base 5, what is -1212040 - -2?
-1212033
In base 7, what is -1 + -140451?
-140452
In base 3, what is -2 - -2112122212?
2112122210
In base 14, what is 136b - 2?
1369
In base 16, what is ed - 2124?
-2037
In base 16, what is -6 - 84d9d?
-84da3
In base 2, what is -10111010011110001010 - 10?
-10111010011110001100
In base 8, what is -65 - 503?
-570
In base 4, what is 1300322 + 10?
1300332
In base 8, what is 4 + -3300?
-3274
In base 4, what is -123201 + 10?
-123131
In base 4, what is 13 + 22123?
22202
In base 6, what is -1511 + -2452?
-4403
In base 15, what is 1a - e3c?
-e22
In base 6, what is -2 - 41253352?
-41253354
In base 11, what is 0 + 3888?
3888
In base 11, what is 0 - -1897a0?
1897a0
In base 13, what is 10a82 + 10?
10a92
In base 13, what is 5a - -b7?
144
In base 10, what is -37 - 904?
-941
In base 2, what is 1 - -11011001001111?
11011001010000
In base 2, what is 1000100 + 101110000000?
101111000100
In base 12, what is -1 - 8b313?
-8b314
In base 13, what is 0 - -127235?
127235
In base 7, what is 3604432 + -6?
3604423
In base 12, what is 9 + -1353?
-1346
In base 11, what is -4 + 114393?
11438a
In base 7, what is 41626 + -5?
41621
In base 16, what is 24 - -ce25?
ce49
In base 3, what is 112010 - 222?
111011
In base 3, what is 11 - 1001022021?
-1001022010
In base 2, what is 11 - -10111100111000?
10111100111011
In base 4, what is 2020301203 - -3?
2020301212
In base 8, what is 1744757 - 7?
1744750
In base 3, what is -2212 + -21210?
-101122
In base 11, what is 95530 - 1?
9552a
In base 15, what is 61d5 - -5?
61da
In base 10, what is 3 + 8874?
8877
In base 6, what is -143413 + 0?
-143413
In base 3, what is -11 + 2111010202?
2111010121
In base 5, what is -2 - -1022311?
1022304
In base 3, what is -201021 + -120010?
-1021101
In base 4, what is -100122303303 - 11?
-100122303320
In base 10, what is 109787 + -3?
109784
In base 13, what is -52aa - -82?
-5228
In base 6, what is -3154 - 1105?
-4303
In base 9, what is 127148 + 2?
127151
In base 4, what is -11 + -111221110?
-111221121
In base 4, what is 132 - 11211111?
-11210313
In base 15, what is 2a - 35a?
-330
In base 13, what is 1 + 402c1?
402c2
In base 11, what is -2 + -59000?
-59002
In base 14, what is -2 - -4522?
4520
In base 16, what is -2 - 1ce6?
-1ce8
In base 7, what is -2 - -12550?
12545
In base 5, what is -10 - 231321?
-231331
In base 13, what is 15c5 - -130?
1725
In base 3, what is 100022000 + 10?
100022010
In base 9, what is 377 + 5807?
6285
In base 12, what is -5742 - 0?
-5742
In base 6, what is 0 + -302212?
-302212
In base 2, what is 100 - 1101000100000001011?
-1101000100000000111
In base 12, what is -6253 - -3?
-6250
In base 15, what is 5 - d3?
-cd
In base 5, what is -203212210 - -4?
-203212201
In base 7, what is 26 + -32030?
-32001
In base 6, what is 10 + -113041?
-113031
In base 10, what is 7 + 2300?
2307
In base 3, what is -11001 + 111000?
22222
In base 8, what is -21 + 22267?
22246
In base 16, what is 2ddd8 - -4?
2dddc
In base 14, what is 469 - 26b?
1dc
In base 16, what is 25 + 1ea?
20f
In base 15, what is -95c + -a?
-967
In base 11, what is 108 + -273?
-166
In base 15, what is 12c57 + -b?
12c4b
In base 2, what is 10 + -10100011101110101?
-10100011101110011
In base 2, what is 10110011110 + 11110111?
11010010101
In base 12, what is -261 + 34?
-229
In base 8, what is 3476 + -6?
3470
In base 10, what is -832 + -414?
-1246
In base 15, what is -1ab4 + b?
-1aa8
In base 15, what is 1e5083 - -5?
1e5088
In base 2, what is 1 + -11110111110111100?
-11110111110111011
In base 15, what is -18 - 15a8?
-15c1
In base 15, what is 70dcb + -c?
70dbe
In base 12, what is -25ba - 17?
-2615
In base 13, what is -156004 + -4?
-156008
In base 5, what is 2441334 + 34?
2441423
In base 10, what is -16 - -46?
30
In base 16, what is -75e - b9?
-817
In base 4, what is 302303 + 110301?
1013210
In base 11, what is 1 + 459479?
45947a
In base 16, what is 1a23f9 + 1?
1a23fa
In base 13, what is -6 - 2